{"id":168,"date":"2021-01-14T14:05:06","date_gmt":"2021-01-14T13:05:06","guid":{"rendered":"https:\/\/spd-kirchheim.com\/?page_id=168"},"modified":"2021-01-18T09:39:05","modified_gmt":"2021-01-18T08:39:05","slug":"ueber-uns","status":"publish","type":"page","link":"https:\/\/spd-kirchheim.com\/?page_id=168","title":{"rendered":"\u00dcber uns"},"content":{"rendered":"\t\t<div data-elementor-type=\"wp-page\" data-elementor-id=\"168\" class=\"elementor elementor-168\">\n\t\t\t\t\t\t<section class=\"elementor-section elementor-top-section elementor-element elementor-element-6083dcd elementor-section-boxed elementor-section-height-default elementor-section-height-default\" data-id=\"6083dcd\" data-element_type=\"section\">\n\t\t\t\t\t\t<div class=\"elementor-container elementor-column-gap-default\">\n\t\t\t\t\t<div class=\"elementor-column elementor-col-100 elementor-top-column elementor-element elementor-element-4fe666c\" data-id=\"4fe666c\" data-element_type=\"column\">\n\t\t\t<div class=\"elementor-widget-wrap elementor-element-populated\">\n\t\t\t\t\t\t<div class=\"elementor-element elementor-element-e46ce94 elementor-widget elementor-widget-image\" data-id=\"e46ce94\" data-element_type=\"widget\" data-widget_type=\"image.default\">\n\t\t\t\t<div class=\"elementor-widget-container\">\n\t\t\t\t\t\t\t\t\t\t\t\t\t<img fetchpriority=\"high\" decoding=\"async\" width=\"500\" height=\"252\" src=\"https:\/\/spd-kirchheim.com\/wp-content\/uploads\/2021\/01\/Fots-Kandidatinnen-und-Kandidaten-vor-Rathaus.jpg\" class=\"attachment-large size-large wp-image-336\" alt=\"\" srcset=\"https:\/\/spd-kirchheim.com\/wp-content\/uploads\/2021\/01\/Fots-Kandidatinnen-und-Kandidaten-vor-Rathaus.jpg 500w, https:\/\/spd-kirchheim.com\/wp-content\/uploads\/2021\/01\/Fots-Kandidatinnen-und-Kandidaten-vor-Rathaus-300x151.jpg 300w\" sizes=\"(max-width: 500px) 100vw, 500px\" \/>\t\t\t\t\t\t\t\t\t\t\t\t\t<\/div>\n\t\t\t\t<\/div>\n\t\t\t\t<div class=\"elementor-element elementor-element-0bc0009 elementor-widget elementor-widget-text-editor\" data-id=\"0bc0009\" data-element_type=\"widget\" data-widget_type=\"text-editor.default\">\n\t\t\t\t<div class=\"elementor-widget-container\">\n\t\t\t\t\t\t\t<p style=\"text-align: center;\"><span style=\"color: #333333;\">Kandidaten und Kandidatinnen f\u00fcr die Kommunalwahl 2021 und Ortsbeirat Kirchheim<\/span><\/p>\t\t\t\t\t\t<\/div>\n\t\t\t\t<\/div>\n\t\t\t\t<div class=\"elementor-element elementor-element-7cbf4cd elementor-widget elementor-widget-spacer\" data-id=\"7cbf4cd\" data-element_type=\"widget\" data-widget_type=\"spacer.default\">\n\t\t\t\t<div class=\"elementor-widget-container\">\n\t\t\t\t\t<div class=\"elementor-spacer\">\n\t\t\t<div class=\"elementor-spacer-inner\"><\/div>\n\t\t<\/div>\n\t\t\t\t<\/div>\n\t\t\t\t<\/div>\n\t\t\t\t<div class=\"elementor-element elementor-element-f57b4e2 elementor-widget elementor-widget-heading\" data-id=\"f57b4e2\" data-element_type=\"widget\" data-widget_type=\"heading.default\">\n\t\t\t\t<div class=\"elementor-widget-container\">\n\t\t\t<h2 class=\"elementor-heading-title elementor-size-default\">Unser Leitbild<\/h2>\t\t<\/div>\n\t\t\t\t<\/div>\n\t\t\t\t<div class=\"elementor-element elementor-element-6626576 elementor-widget elementor-widget-text-editor\" data-id=\"6626576\" data-element_type=\"widget\" data-widget_type=\"text-editor.default\">\n\t\t\t\t<div class=\"elementor-widget-container\">\n\t\t\t\t\t\t\t<p>WIR, die SPD Kirchheim, sind uns sicher, dass auch Sie sich in vielen Zielen unseres Leitbildes wiederfinden werden. Wir sind die offene und b\u00fcrgernahe Stimme Kirchheims. Wer bei uns mitarbeitet muss nicht Parteimitglied sein!<\/p><ul style=\"list-style-type: circle;\"><li>WIR h\u00f6ren zu und entscheiden gemeinsam.<\/li><li>WIR stehen f\u00fcr eine zukunftsorientierte Poitik.<\/li><li>WIR helfen Arbeitspl\u00e4tze zu sichern und durch Ansiedlungen neue zu schaffen.<\/li><li>WIR m\u00f6chten f\u00fcr alle Ortsteile da sein.<\/li><\/ul>\t\t\t\t\t\t<\/div>\n\t\t\t\t<\/div>\n\t\t\t\t\t<\/div>\n\t\t<\/div>\n\t\t\t\t\t<\/div>\n\t\t<\/section>\n\t\t\t\t<section class=\"elementor-section elementor-top-section elementor-element elementor-element-34edad5 elementor-section-boxed elementor-section-height-default elementor-section-height-default\" data-id=\"34edad5\" data-element_type=\"section\">\n\t\t\t\t\t\t<div class=\"elementor-container elementor-column-gap-default\">\n\t\t\t\t\t<div class=\"elementor-column elementor-col-100 elementor-top-column elementor-element elementor-element-a81cc54\" data-id=\"a81cc54\" data-element_type=\"column\">\n\t\t\t<div class=\"elementor-widget-wrap elementor-element-populated\">\n\t\t\t\t\t\t<div class=\"elementor-element elementor-element-b6fa6eb elementor-widget elementor-widget-spacer\" data-id=\"b6fa6eb\" data-element_type=\"widget\" data-widget_type=\"spacer.default\">\n\t\t\t\t<div class=\"elementor-widget-container\">\n\t\t\t\t\t<div class=\"elementor-spacer\">\n\t\t\t<div class=\"elementor-spacer-inner\"><\/div>\n\t\t<\/div>\n\t\t\t\t<\/div>\n\t\t\t\t<\/div>\n\t\t\t\t<div class=\"elementor-element elementor-element-b96c0f5 elementor-widget elementor-widget-heading\" data-id=\"b96c0f5\" data-element_type=\"widget\" data-widget_type=\"heading.default\">\n\t\t\t\t<div class=\"elementor-widget-container\">\n\t\t\t<h2 class=\"elementor-heading-title elementor-size-default\">Unsere Ziele zusammengefasst<\/h2>\t\t<\/div>\n\t\t\t\t<\/div>\n\t\t\t\t<div class=\"elementor-element elementor-element-98bea04 elementor-widget elementor-widget-text-editor\" data-id=\"98bea04\" data-element_type=\"widget\" data-widget_type=\"text-editor.default\">\n\t\t\t\t<div class=\"elementor-widget-container\">\n\t\t\t\t\t\t\t<ul style=\"list-style-type: circle;\"><li>Unterschiedliche Freizeitangebote f\u00fcr alle Generationen.<\/li><li>Wohnen und Leben im Alter.<\/li><li>Ausbau des Radwegnetzes.<\/li><li>Gut ausgestattete Kindertagesst\u00e4tten mit flexiblen und verl\u00e4sslichen Betreuungsangeboten.<\/li><li>Erhalt und F\u00f6rderung der ehrenamtlichen Feuerwehr.<\/li><li>Schutz unseres Lebensaumes und unserer wertvollen Landschaft.<\/li><li>Ausbau unserer Digitalen Infrastruktur mit Glasfaser bis zum Endverbraucher.<\/li><li>Naherholungsm\u00f6glichkeiten und Freizeitangebote wie Freizeit- und Erlebnisbad, Spielpl\u00e4tze und Wanderwege ausbauen und erhalten.<\/li><li>Medizinische Nahversorgung sichern.<\/li><\/ul>\t\t\t\t\t\t<\/div>\n\t\t\t\t<\/div>\n\t\t\t\t\t<\/div>\n\t\t<\/div>\n\t\t\t\t\t<\/div>\n\t\t<\/section>\n\t\t\t\t<section class=\"elementor-section elementor-top-section elementor-element elementor-element-3917753 elementor-section-boxed elementor-section-height-default elementor-section-height-default\" data-id=\"3917753\" data-element_type=\"section\">\n\t\t\t\t\t\t<div class=\"elementor-container elementor-column-gap-default\">\n\t\t\t\t\t<div class=\"elementor-column elementor-col-100 elementor-top-column elementor-element elementor-element-e16f7fb\" data-id=\"e16f7fb\" data-element_type=\"column\">\n\t\t\t<div class=\"elementor-widget-wrap elementor-element-populated\">\n\t\t\t\t\t\t<div class=\"elementor-element elementor-element-d850038 elementor-widget elementor-widget-spacer\" data-id=\"d850038\" data-element_type=\"widget\" data-widget_type=\"spacer.default\">\n\t\t\t\t<div class=\"elementor-widget-container\">\n\t\t\t\t\t<div class=\"elementor-spacer\">\n\t\t\t<div class=\"elementor-spacer-inner\"><\/div>\n\t\t<\/div>\n\t\t\t\t<\/div>\n\t\t\t\t<\/div>\n\t\t\t\t<div class=\"elementor-element elementor-element-9c58bc0 elementor-widget elementor-widget-heading\" data-id=\"9c58bc0\" data-element_type=\"widget\" data-widget_type=\"heading.default\">\n\t\t\t\t<div class=\"elementor-widget-container\">\n\t\t\t<h2 class=\"elementor-heading-title elementor-size-default\">Ein paar unserer Themen<\/h2>\t\t<\/div>\n\t\t\t\t<\/div>\n\t\t\t\t<div class=\"elementor-element elementor-element-cf562b9 elementor-widget elementor-widget-text-editor\" data-id=\"cf562b9\" data-element_type=\"widget\" data-widget_type=\"text-editor.default\">\n\t\t\t\t<div class=\"elementor-widget-container\">\n\t\t\t\t\t\t\t<h2><strong><span style=\"color: #ffffff;\"><u>Thema Familienfreundlichkeit<\/u><\/span><\/strong><\/h2><p>Die Kindertagesst\u00e4tte in unserer Gemeinde liegt uns schon immer am Herzen. Uns war es daher schon immer ein wichtiges Anliegen, unseren jungen Familien ein flexibles Betreuungsangebot bieten zu k\u00f6nnen. Gerade diese Flexibilit\u00e4t sucht ihres Gleichen in unserem Landkreis.<br \/>Wie wir in der Vergangenheit feststellen konnten, sind die Familien zunehmend auf eine Betreuung der kleinsten, sprich der Krippenkinder (U3), angewiesen.<\/p><p>\u00a0<\/p><p><strong>IN DER KRIPPE K\u00d6NNEN JE GRUPPE LEDIGLICH 12 KINDER BETREUT WERDEN. <br \/><\/strong><\/p><p>Aus diesem Grund ist es notwendig, dass wir mittelfristig eine weitere Einrichtung mit mehr R\u00e4umen schaffen. Um die Verkehre zu entflechten sollte dies an einem neuen Standort sein. Bei der Standortsuche m\u00fcssen aus diesem Grund neben einer ruhigen Lage mit entsprechender Freifl\u00e4che, auch die Verkehrsanbindungen mitber\u00fccksichtigt werden.<\/p><p>Der Neubau sollte gen\u00fcgend Platz bieten, um anschlie\u00dfend step by step die bestehenden Einrichtungen ebenfalls r\u00e4umlich neu zu gestalten, um den kleinsten unserer Gemeinde bei dem Spielen mehr Platz geben zu k\u00f6nnen.<\/p>\t\t\t\t\t\t<\/div>\n\t\t\t\t<\/div>\n\t\t\t\t\t<\/div>\n\t\t<\/div>\n\t\t\t\t\t<\/div>\n\t\t<\/section>\n\t\t\t\t<section class=\"elementor-section elementor-top-section elementor-element elementor-element-504c05c elementor-section-boxed elementor-section-height-default elementor-section-height-default\" data-id=\"504c05c\" data-element_type=\"section\">\n\t\t\t\t\t\t<div class=\"elementor-container elementor-column-gap-default\">\n\t\t\t\t\t<div class=\"elementor-column elementor-col-100 elementor-top-column elementor-element elementor-element-63f1460\" data-id=\"63f1460\" data-element_type=\"column\">\n\t\t\t<div class=\"elementor-widget-wrap elementor-element-populated\">\n\t\t\t\t\t\t<div class=\"elementor-element elementor-element-f83d1d2 elementor-widget elementor-widget-spacer\" data-id=\"f83d1d2\" data-element_type=\"widget\" data-widget_type=\"spacer.default\">\n\t\t\t\t<div class=\"elementor-widget-container\">\n\t\t\t\t\t<div class=\"elementor-spacer\">\n\t\t\t<div class=\"elementor-spacer-inner\"><\/div>\n\t\t<\/div>\n\t\t\t\t<\/div>\n\t\t\t\t<\/div>\n\t\t\t\t<div class=\"elementor-element elementor-element-938859d elementor-widget elementor-widget-text-editor\" data-id=\"938859d\" data-element_type=\"widget\" data-widget_type=\"text-editor.default\">\n\t\t\t\t<div class=\"elementor-widget-container\">\n\t\t\t\t\t\t\t<h2><strong><span style=\"color: #ffffff;\"><u>Bauen in der Gemeinde Kirchheim<\/u><\/span><\/strong><\/h2><p><span style=\"color: #ffffff;\">Ein wichtiges Thema, welches uns schon seit einigen Wochen besch\u00e4ftigt, ist die Entwicklung eines neuen Baugebietes im Kernort Kirchheim. Hierzu wurden aufgrund unseres Antrags in der Gemeindevertretung drei Fl\u00e4chen n\u00e4her betrachtet. Nun sollen f\u00fcr zwei der drei Fl\u00e4chen n\u00e4here Untersuchungen erfolgen, um den qm Preis bei einer Ver\u00e4u\u00dferung zu ermitteln.<\/span><br \/><span style=\"color: #ffffff;\">Letztendlich m\u00fcssen hier sachliche \u00dcberlegungen dazu f\u00fchren, damit auch in Zukunft jungen Familien g\u00fcnstige Baupl\u00e4tze angeboten werden k\u00f6nnen. Dabei soll auch darauf geachtet werden, dass bei der Erschlie\u00dfung der Anschluss an ein Glasfasernetzt ber\u00fccksichtig wird.<\/span><\/p>\t\t\t\t\t\t<\/div>\n\t\t\t\t<\/div>\n\t\t\t\t\t<\/div>\n\t\t<\/div>\n\t\t\t\t\t<\/div>\n\t\t<\/section>\n\t\t\t\t<\/div>\n\t\t","protected":false},"excerpt":{"rendered":"<p>Kandidaten und Kandidatinnen f\u00fcr die Kommunalwahl 2021 und Ortsbeirat Kirchheim Unser Leitbild WIR, die<span class=\"more-dots\">&#8230;<\/span><\/p>\n","protected":false},"author":1,"featured_media":0,"parent":0,"menu_order":0,"comment_status":"closed","ping_status":"closed","template":"","meta":{"_themeisle_gutenberg_block_has_review":false,"footnotes":""},"_links":{"self":[{"href":"https:\/\/spd-kirchheim.com\/index.php?rest_route=\/wp\/v2\/pages\/168"}],"collection":[{"href":"https:\/\/spd-kirchheim.com\/index.php?rest_route=\/wp\/v2\/pages"}],"about":[{"href":"https:\/\/spd-kirchheim.com\/index.php?rest_route=\/wp\/v2\/types\/page"}],"author":[{"embeddable":true,"href":"https:\/\/spd-kirchheim.com\/index.php?rest_route=\/wp\/v2\/users\/1"}],"replies":[{"embeddable":true,"href":"https:\/\/spd-kirchheim.com\/index.php?rest_route=%2Fwp%2Fv2%2Fcomments&post=168"}],"version-history":[{"count":10,"href":"https:\/\/spd-kirchheim.com\/index.php?rest_route=\/wp\/v2\/pages\/168\/revisions"}],"predecessor-version":[{"id":364,"href":"https:\/\/spd-kirchheim.com\/index.php?rest_route=\/wp\/v2\/pages\/168\/revisions\/364"}],"wp:attachment":[{"href":"https:\/\/spd-kirchheim.com\/index.php?rest_route=%2Fwp%2Fv2%2Fmedia&parent=168"}],"curies":[{"name":"wp","href":"https:\/\/api.w.org\/{rel}","templated":true}]}}